4*u + 11 = k. Calculate the greatest common divisor of 35 and u.
5
Let x = 842 + -779. Let d be (5/(5/(-14)))/(-2). Calculate the greatest common divisor of d and x.
7
Let i(t) = t**3 + 15*t**2 + 2*t + 6. Let u be i(-10). Calculate the greatest common divisor of u and 6.
6
Let n(f) = 2*f**3 - 3*f**2 + 15*f - 28. Let o be n(4). What is the greatest common divisor of 16 and o?
16
Let b be 5 - (5 - (7 + -4)). Suppose -b*s - s + 16 = 0. Suppose -9 + 1 = -s*r, -19 = -h - 4*r. What is the highest common divisor of h and 11?
11
Let c(h) be the second derivative of 0 + 2*h - 1/3*h**3 + 3/2*h**2. Let v be c(-5). What is the highest common factor of 39 and v?
13
Let x(n) = -n**2 - 24*n + 14. Let g be x(-24). Calculate the highest common factor of g and 42.
14
Let k be 3/(-3 - 0) - -4. Suppose 2*b = -5*a + 11, b + 17 = 8*a - k*a. Calculate the greatest common factor of 27 and a.
3
Let c(p) = -28*p - 172. Let m be c(-9). Calculate the greatest common factor of m and 300.
20
Suppose 3*o = -o + 72. Suppose 0 = -t + 112 - 100. What is the greatest common divisor of o and t?
6
Let b = -20 - -26. Calculate the highest common divisor of 36 and b.
6
Suppose 0 = -7*l + 2*l + 400. What is the greatest common factor of 360 and l?
40
Suppose 7*u - 124 = 5*u. Suppose 3*g = 2*o + 46, -4*g + o + u = -2*o. Calculate the greatest common factor of 42 and g.
14
Let n(w) = -60*w + 8. Let r be n(-2). Suppose -r = -4*z - 4*z. Let a = 1 - -39. What is the greatest common factor of a and z?
8
Let s be 35/(-3) + (-2)/(-3). Suppose -12 - 80 = 4*v. Let b = s - v. What is the highest common factor of b and 84?
12
Let p be 2/(-2) + -58 + 2. Let i = p - -93. Let y = -21 + i. Calculate the greatest common divisor of y and 165.
15
Suppose -321 = 10*c - 471. What is the highest common divisor of 465 and c?
15
Let r(m) = -m**2 + 6*m + 3. Let w be r(6). Let d be (60 + 0)/w - (3 - 3). Suppose 0*a + 10 = a. What is the greatest common factor of d and a?
10
Suppose 9 = 2*b + 45. Let t be ((-20)/(-15))/((-4)/b). Calculate the greatest common divisor of 12 and t.
6
Let a(z) = 10*z - 282. Let m be a(29). What is the highest common factor of 104 and m?
8
Suppose -26 = 4*w - 5*d - 298, 0 = -4*w - 4*d + 308. What is the highest common divisor of w and 2117?
73
Let r = 23 - 23. Suppose 12*u - 9*u - 48 = r. What is the highest common factor of u and 2?
2
Suppose -27 = -4*t - x, -4*t + 5*x = -0*t - 9. Let r(z) = z**2 - 4*z - 4. Let p be r(-3). Let u = -15 + p. Calculate the greatest common divisor of t and u.
2
Suppose -18*n + 280 = -4*n. Let v(p) = -p**3 + 19*p**2 + 21*p + 28. Let l be v(n). What is the highest common divisor of 6 and l?
6
Let b be (29/2 + 2)*100/75. Let r be (-226)/(-10) - b/(-55). Calculate the greatest common divisor of 138 and r.
23
Let o = 463 - 455. What is the highest common divisor of o and 48?
8
Suppose 2*v + 3*g = g + 6, 0 = 2*g + 6. Suppose v*y = 35 + 109. Calculate the highest common divisor of 3 and y.
3
Suppose 1264 - 944 = 8*h. Calculate the highest common divisor of h and 360.
40
Suppose 0*f = -2*f + 2*g + 262, 530 = 4*f + 2*g. What is the highest common divisor of 33 and f?
33
Suppose 3*u + 7 = 2*b, b = -4*u + 2*b - 1. Let h be (3*8 - 0)*u. Suppose 0 = 23*m - h*m + 16. Calculate the highest common factor of 4 and m.
4
Let r(o) = o**3 - 7*o**2 + 7*o + 6. Let c be r(6). Let z be 38/8 + 0 + 3/c. Let b be (-4)/6*3 + 22. What is the greatest common factor of b and z?
5
Suppose 2*r + 15 = 5, 3*a - 4*r = 113. Calculate the greatest common divisor of 155 and a.
31
Let i(b) = b**2 + 11*b + 12. Let m(q) = q**2 + 6*q - 6. Let r be m(-4). Let z be i(r). Suppose 0*x = -x + z. Calculate the greatest common divisor of x and 6.
6
Let t = 2696 + -2656. What is the greatest common factor of t and 1080?
40
Suppose 0 = -3*s - x + 355, 4*x + 226 - 584 = -3*s. Suppose s + 182 = 5*b. What is the greatest common factor of b and 150?
30
Let u be 6/7 - (15744/(-56) + -18). Calculate the highest common divisor of 20 and u.
20
Suppose 3*p = 6*p - 138. Let o = 118 - p. Calculate the highest common factor of o and 9.
9
Let x(n) = -43*n + 5. Let s be x(-2). Suppose 5*c + 7 = 6*c. What is the greatest common factor of s and c?
7
Let v = -70 - -79. Calculate the greatest common divisor of v and 15.
3
Let q(z) = -z + 23. Let m be (-1)/2 + 3401/38. Suppose -2*i + 51 = m. Let p be q(i). Calculate the greatest common divisor of 7 and p.
7
Suppose -28*i + 270 = -18*i. What is the greatest common divisor of i and 81?
27
Let m(q) = 3*q - 34 - 68 + 125. Let w be m(7). Suppose 2*x - 11 = x. Calculate the highest common divisor of x and w.
11
Suppose c - 10 = -3*b, -2*c = 3*c + b - 78. Let s = -110 + 113. Suppose -y + c = s*y. Calculate the highest common factor of 12 and y.
4
Let p(w) = -2*w**3 + 4*w**2 - 3*w - 6. Let f be p(-5). Suppose -4*t + 82 = l, l + 4*l = -3*t + f. Calculate the greatest common factor of 105 and l.
35
Let x = 11656 - 7756. What is the greatest common factor of 156 and x?
156
Suppose -5*k = 4*c - 63 - 7, -4 = 2*k. Suppose 1 = -19*s + c*s. What is the highest common factor of 1 and s?
1
Suppose -f + 56 = 3*f. Let r be 6/4*(-112)/(-12). Calculate the highest common factor of r and f.
14
Suppose 2*y = -3*u - 2 - 3, -10 = -y + u. Calculate the highest common factor of y and 225.
5
Suppose -5*m = 3*s - 6*s - 1, -4*s = -12. Suppose -4*u + 16 = -r - r, -m*r = 0. Calculate the greatest common factor of 4 and u.
4
Suppose p + 430 = -4*p. Let q = p - -194. Suppose k + 4*u = q, -115 = -k + 4*u - u. Calculate the highest common factor of k and 16.
16
Suppose -2*d + 2*u = -96, 2*d - 100 = 8*u - 4*u. Calculate the highest common factor of 46 and d.
46
Suppose -3*d = -7 - 47. Suppose 5*k - 5*l - 15 = -0*k, -4*k = -l - d. Suppose 0 = i - 10 - k. What is the highest common divisor of 6 and i?
3
Let g be 1*(14 - 11) - 54/(-2). Calculate the greatest common factor of 105 and g.
15
Let v be (4 - 6)/(((-15)/(-36))/(-5)). Let b be (-1016)/(-6) - 8/6. Calculate the highest common factor of v and b.
24
Let n = -3127 - -3130. What is the highest common divisor of n and 107?
1
Let b be (-1)/3 - (-7574)/42. Calculate the highest common divisor of 30 and b.
30
Suppose -101 = a - 6*a + 3*q, -a = -q - 21. Suppose k + r = 4*r - 14, k = 4*r - a. Let n be 1/(k/(-3)) - -87. Calculate the greatest common divisor of n and 12.
12
Let v(b) = 5*b + 23. Let x(a) = a**3 - 8*a**2 - 7*a - 14. Let r be x(9). Let i be v(r). What is the greatest common divisor of 172 and i?
43
Let b = 535 + -292. Calculate the highest common divisor of 54 and b.
27
Let y = -7 - -6. Let d(c) = 6*c - 26. Let l(g) = g + 1. Let j(w) = y*d(w) + 4*l(w). Let o be j(0). Calculate the highest common factor of o and 330.
30
Let n(z) = 11*z + 165. Let v be n(-3). Calculate the highest common divisor of v and 308.
44
Suppose 0 = -10*o + 11*o - 8. Let y be ((-12)/o)/(3/(-26)). What is the highest common divisor of y and 143?
13
Suppose y = -4*k + 397, 52 = 4*y - 3*k - 1441. What is the highest common divisor of y and 13?
13
Suppose -7*i - 2*v = -5*i - 340, -3*v = 15. What is the highest common divisor of 25 and i?
25
Let g = -428 - -488. What is the greatest common factor of g and 16?
4
Let w(f) = -12*f - 2. Let i = 78 + -84. Let c be w(i). Let v be 2/4 + (-19)/(-2). What is the greatest common factor of c and v?
10
Let z = -585 - -591. Calculate the greatest common factor of 138 and z.
6
Let t(u) = u**3 + 8*u**2 + 6*u - 5. Let g be t(-5). Suppose -2*p - g = -6*p. Suppose -p*s + 144 = -6*s. What is the greatest common factor of 4 and s?
4
Let a be (-36)/(-8) - -3 - 2/(-4). Let n = -65 + 101. Let b = n - 20. What is the greatest common divisor of a and b?
8
Suppose -d = -5*j + 2*d + 3188, j - 3*d - 628 = 0. Calculate the greatest common factor of j and 20.
20
Let c(n) = -n**3 - 5*n**2 + 7*n - 8. Let r be c(-7). Suppose -r = -2*b + 21. Suppose -2*l - b = -3*l. Calculate the highest common factor of 93 and l.
31
Suppose -2*o - 39 = -3*m - 6*o, 42 = 3*m + 5*o. Calculate the highest common factor of 144 and m.
9
Let r = 267 + -242. Let h(j) = 4*j**2 - 3*j - 5. Suppose -1 = -c - 4*m + 7, 3*c = -m - 20. Let n be h(c). What is the highest common divisor of r and n?
25
Let i = 1 + 1. Suppose -i*f = f + 69. Let m be f/(-2) + 6/4. What is the highest common factor 